True
Is 155401 a prime number?
False
Is 103738 composite?
True
Is 625031 a composite number?
True
Is 795247 a composite number?
True
Is 31469 prime?
True
Is 368891 composite?
True
Is 248401 prime?
True
Is 318235 composite?
True
Is 35935 composite?
True
Is 180721 prime?
False
Is 797 prime?
True
Is 53 a composite number?
False
Is 44717 a composite number?
True
Is 1733 a composite number?
False
Is 786443 prime?
False
Is 18517 a prime number?
True
Is 2630951 composite?
False
Is 60769 a prime number?
False
Is 32647 prime?
True
Is 7003 composite?
True
Is 2437 composite?
False
Is 864491 composite?
False
Is 1799 a prime number?
False
Is 69199 prime?
False
Is 2327 prime?
False
Is 2609 a prime number?
True
Is 1233473 composite?
False
Is 982847 a prime number?
True
Is 5857 prime?
True
Is 4691 composite?
False
Is 6119 composite?
True
Is 75507 prime?
False
Is 9277 a prime number?
True
Is 814589 prime?
False
Is 26659 a composite number?
True
Is 31769 a prime number?
True
Is 109 a prime number?
True
Is 137077 a prime number?
True
Is 52141 composite?
True
Is 57745 composite?
True
Is 2302 prime?
False
Is 307909 composite?
True
Is 219617 composite?
True
Is 79993 prime?
False
Is 245845 prime?
False
Is 488249 prime?
True
Is 2521 composite?
False
Is 855887 a composite number?
False
Is 1801 composite?
False
Is 5729 a prime number?
False
Is 69539 composite?
False
Is 3109 prime?
True
Is 1657 composite?
False
Is 115433 composite?
True
Is 769919 a composite number?
False
Is 10663 a prime number?
True
Is 2031391 a composite number?
False
Is 21377 composite?
False
Is 2324617 a composite number?
False
Is 1229809 a composite number?
True
Is 1468699 a composite number?
True
Is 9326 composite?
True
Is 18059 a composite number?
False
Is 2026147 composite?
True
Is 21453 prime?
False
Is 251789 composite?
False
Is 3595 composite?
True
Is 16871 a prime number?
True
Is 110671 composite?
True
Is 5149 composite?
True
Is 332039 a prime number?
True
Is 26029 a prime number?
True
Is 2833 a prime number?
True
Is 114581 a prime number?
False
Is 79571 a composite number?
True
Is 9533 prime?
True
Is 629 a composite number?
True
Is 28277 a composite number?
False
Is 414781 composite?
True
Is 1072097 composite?
True
Is 851 a composite number?
True
Is 465385 a composite number?
True
Is 2135017 prime?
True
Is 34457 a prime number?
True
Is 19354 a composite number?
True
Is 7151 a composite number?
False
Is 1653935 prime?
False
Is 2609 a composite number?
False
Is 11582 prime?
False
Is 126631 composite?
False
Is 8639 prime?
False
Is 5431 prime?
True
Is 7283 composite?
False
Is 1501 a composite number?
True
Is 1913089 prime?
True
Is 71959 a composite number?
True
Is 393473 a composite number?
False
Is 337289 a composite number?
True
Is 11863 a composite number?
False
Is 505093 a composite number?
True
Is 100865 prime?
False
Is 8661 composite?
True
Is 180749 a composite number?
False
Is 25969 a composite number?
False
Is 433183 a prime number?
False
Is 5227 composite?
False
Is 490843 a prime number?
False
Is 5902447 prime?
True
Is 37463 composite?
False
Is 430509 a prime number?
False
Is 11411 composite?
False
Is 110807 a composite number?
False
Is 215471 a composite number?
False
Is 20906 a prime number?
False
Is 294083 prime?
False
Is 1367 a prime number?
True
Is 9091 composite?
False
Is 40627 composite?
False
Is 34123 a composite number?
False
Is 653267 a prime number?
True
Is 14981 composite?
True
Is 595795 prime?
False
Is 341906 composite?
True
Is 190477 a prime number?
False
Is 339217 composite?
True
Is 1210541 composite?
False
Is 871747 prime?
False
Is 1431109 prime?
False
Is 247063 prime?
False
Is 10781 prime?
True
Is 9413 a prime number?
True
Is 11549 a prime number?
True
Is 10511 a prime number?
False
Is 20477 a prime number?
True
Is 8567 a composite number?
True
Is 4650985 composite?
True
Is 9803 a composite number?
False
Is 31793 a composite number?
False
Is 26563 a composite number?
True
Is 9235 prime?
False
Is 90669 prime?
False
Is 147689 a composite number?
False
Is 171137 composite?
True
Is 25882 prime?
False
Is 587 a composite number?
False
Is 35201 composite?
False
Is 194309 prime?
True
Is 33889 composite?
False
Is 146407 a prime number?
True
Is 88843 a composite number?
False
Is 28151 a prime number?
True
Is 430103 prime?
False
Is 703013 a prime number?
True
Is 3961 prime?
False
Is 178649 a composite number?
True
Is 887203 prime?
True
Is 331819 prime?
True
Is 30737 composite?
True
Is 1533379 composite?
False
Is 197867 prime?
False
Is 594365 prime?
False
Is 108263 composite?
False
Is 64433 prime?
True
Is 6460031 prime?
True
Is 26899 prime?
False
Is 66167 composite?
True
Is 20627 composite?
False
Is 143669 composite?
False
Is 45959 prime?
True
Is 1046779 a prime number?
True
Is 697681 a composite number?
False
Is 122069 composite?
False
Is 323013 a prime number?
False
Is 2245 prime?
False
Is 529439 prime?
False
Is 52289 a composite number?
False
Is 94 a composite number?
True
Is 9229 a composite number?
True
Is 158621 a composite number?
False
Is 3841 a prime number?
False
Is 32477 a composite number?
True
Is 541049 prime?
True
Is 580969 a composite number?
False
Is 330979 a composite number?
True
Is 140297 a prime number?
True
Is 5833 a prime number?
False
Is 25391 prime?
True
Is 2660287 prime?
False
Is 21815 a composite number?
True
Is 77 a composite number?
True
Is 918767 a prime number?
True
Is 3569 a prime number?
False
Is 152135 prime?
False
Is 349963 a composite number?
False
Is 693569 a composite number?
False
Is 270401 composite?
True
Is 1313977 prime?
False
Is 847307 a composite number?
True
Is 47609 a composite number?
False
Is 372629 a prime number?
True
Is 1633 a prime number?
False
Is 112543 composite?
False
Is 3240377 a prime number?
False
Is 301867 a composite number?
False
Is 8053 prime?
True
Is 678749 a prime number?
True
Is 47837 a prime number?
True
Is 13031 composite?
True
Is 1727097 composite?
True
Is 49591 prime?
False
Is 10133 composite?
False
Is 556457 a prime number?
False
Is 107171 composite?
False
Is 15506 prime?
False
Is 265703 prime?
True
Is 393 a composite number?
True
Is 782641 a prime number?
True
Is 6739 a composite number?
True
Is 38899 prime?
False
Is 197831 a prime number?
True
Is 1472923 a composite number?
True
Is 11569 prime?
False
Is 41771 a prime number?
True
Is 259427 a prime number?
False
Is 480719 composite?
True
Is 5857 prime?
True
Is 190699 a prime number?
True
Is 277033 composite?
True
Is 193786 a prime number?
False
Is 15107 composite?
False
Is 34339 prime?
False
Is 3662 composite?
True
Is 18113 a composite number?
True
Is 137777 prime?
True
Is 16943 prime?
True
Is 1637 a composite number?
False
Is 52453 prime?
True
Is 11057 composite?
False
Is 362233 prime?
True
Is 665479 composite?
False
Is 88223 composite?
False
Is 31829 a prime number?
False
Is 223241 a prime number?
True
Is 6299369 a prime number?
True
Is 612481 a prime number?
True
Is 266863 a prime number?
True
Is 524453 composite?
False
Is 1400501 a composite number?
True
Is 980339 a prime number?
False
Is 380647 a prime number?
False
Is 1757857 a prime number?
False
Is 557 composite?
False
Is 18113 composite?
True
Is 16547 a composite number?
False
Is 128977 a prime number?
False
Is 23221 a prime number?
False
Is 7907 a composite number?
False
Is 40159 prime?
False
Is 5497 composite?
True
Is 97147 a prime number?
False
Is 1318 a composite number?
True
Is 2783153 a prime number?
True
Is 280409 a prime number?
True
Is 27733 a prime number?
True
Is 112543 composite?
False
Is 32699 a composite number?
True
Is 11213 a composite number?
False
Is 34735 prime?
False
Is 14189 prime?
False
Is 8285 prime?
False
Is 50033 a composite number?
False
Is 82591 prime?
True
Is 61331 a composite number?
False
Is 2459 prime?
True
Is 1656289 composite?
True
Is 965893 a composite number?
False
Is 39743 a composite number?
True
Is 133153 prime?
True
Is 460091 composite?
False
Is 620501 a prime number?
False
Is 23189 a prime number?
True
Is 2921 prime?
False
Is 393949 a composite number?
True
Is 430343 composite?
False
Is 82291 a composite number?
True
Is 7499 prime?
True
Is 2489 a prime number?
False
Is 26083 prime?
True
Is 219787 a composite number?
False
Is 61001 a composite number?
False
I